{"id":114,"date":"2026-03-19T08:25:30","date_gmt":"2026-03-19T08:25:30","guid":{"rendered":"https:\/\/younes.icu\/?page_id=114"},"modified":"2026-03-19T12:50:17","modified_gmt":"2026-03-19T12:50:17","slug":"114-2","status":"publish","type":"page","link":"https:\/\/younes.icu\/?page_id=114","title":{"rendered":"constructora reformas"},"content":{"rendered":"<p>[et_pb_section fb_built=\u00bb1&#8243; _builder_version=\u00bb4.27.4&#8243; _module_preset=\u00bbdefault\u00bb custom_padding=\u00bb0px||0px||true|false\u00bb global_colors_info=\u00bb{}\u00bb][et_pb_row column_structure=\u00bb1_2,1_2&#8243; use_custom_gutter=\u00bbon\u00bb gutter_width=\u00bb1&#8243; _builder_version=\u00bb4.27.4&#8243; _module_preset=\u00bbdefault\u00bb background_color=\u00bb#fdfef8&#8243; width=\u00bb100%\u00bb max_width=\u00bb100%\u00bb custom_padding=\u00bb0px||0px||true|false\u00bb global_colors_info=\u00bb{}\u00bb][et_pb_column type=\u00bb1_2&#8243; _builder_version=\u00bb4.27.4&#8243; _module_preset=\u00bbdefault\u00bb custom_padding=\u00bb60px|55px|60px|55px|true|true\u00bb global_colors_info=\u00bb{}\u00bb][et_pb_text _builder_version=\u00bb4.27.4&#8243; _module_preset=\u00bbdefault\u00bb text_font=\u00bbRoboto Flex||||||||\u00bb text_text_color=\u00bb#797978&#8243; text_font_size=\u00bb17px\u00bb header_font=\u00bbSora|700||on|||||\u00bb header_text_color=\u00bb#000000&#8243; header_font_size=\u00bb68px\u00bb header_line_height=\u00bb1.4em\u00bb custom_margin=\u00bb||60px||false|false\u00bb global_colors_info=\u00bb{}\u00bb]<\/p>\n<h1>Servicios de construcci\u00f3n con especializaci\u00f3n en arquitectura<\/h1>\n<p>Unimos dise\u00f1o y construcci\u00f3n para crear espacios bien pensados y de calidad.[\/et_pb_text][et_pb_button button_text=\u00bbDescubre m\u00e1s\u00bb _builder_version=\u00bb4.27.4&#8243; _module_preset=\u00bbdefault\u00bb custom_button=\u00bbon\u00bb button_text_color=\u00bb#FFFFFF\u00bb button_bg_color=\u00bb#bd9a68&#8243; button_border_color=\u00bb#bd9a68&#8243; button_font=\u00bb|||on|||||\u00bb button_use_icon=\u00bboff\u00bb global_colors_info=\u00bb{}\u00bb button_bg_color__hover_enabled=\u00bbon|hover\u00bb button_bg_color__hover=\u00bb#000000&#8243; button_bg_enable_color__hover=\u00bbon\u00bb button_border_color__hover_enabled=\u00bbon|hover\u00bb button_border_color__hover=\u00bb#000000&#8243;][\/et_pb_button][\/et_pb_column][et_pb_column type=\u00bb1_2&#8243; _builder_version=\u00bb4.27.4&#8243; _module_preset=\u00bbdefault\u00bb background_image=\u00bbhttps:\/\/younes.icu\/wp-content\/uploads\/2026\/03\/construction-19-ac-11.jpg\u00bb custom_padding=\u00bb355px||355px||true|false\u00bb global_colors_info=\u00bb{}\u00bb][\/et_pb_column][\/et_pb_row][\/et_pb_section][et_pb_section fb_built=\u00bb1&#8243; _builder_version=\u00bb4.27.4&#8243; _module_preset=\u00bbdefault\u00bb background_color=\u00bb#fefffb\u00bb global_colors_info=\u00bb{}\u00bb][et_pb_row column_structure=\u00bb1_4,1_4,1_4,1_4&#8243; _builder_version=\u00bb4.27.4&#8243; _module_preset=\u00bbdefault\u00bb global_colors_info=\u00bb{}\u00bb][et_pb_column type=\u00bb1_4&#8243; _builder_version=\u00bb4.27.4&#8243; _module_preset=\u00bbdefault\u00bb global_colors_info=\u00bb{}\u00bb][et_pb_number_counter title=\u00bbPROYECTOS FINALIZADOS\u00bb number=\u00bb80&#8243; percent_sign=\u00bboff\u00bb _builder_version=\u00bb4.27.4&#8243; _module_preset=\u00bbdefault\u00bb title_level=\u00bbh4&#8243; title_font=\u00bbSora||||||||\u00bb title_text_align=\u00bbcenter\u00bb title_text_color=\u00bb#000000&#8243; title_font_size=\u00bb14px\u00bb number_font=\u00bbSora||||||||\u00bb number_text_color=\u00bb#bd9a68&#8243; number_font_size=\u00bb48px\u00bb max_width=\u00bb100px\u00bb global_colors_info=\u00bb{}\u00bb][\/et_pb_number_counter][\/et_pb_column][et_pb_column type=\u00bb1_4&#8243; _builder_version=\u00bb4.27.4&#8243; _module_preset=\u00bbdefault\u00bb global_colors_info=\u00bb{}\u00bb][et_pb_number_counter title=\u00bbReconocimientos obtenidos\u00bb number=\u00bb40&#8243; percent_sign=\u00bboff\u00bb _builder_version=\u00bb4.27.4&#8243; _module_preset=\u00bbdefault\u00bb title_level=\u00bbh4&#8243; title_font=\u00bbSora|||on|||||\u00bb title_text_align=\u00bbcenter\u00bb title_text_color=\u00bb#000000&#8243; title_font_size=\u00bb14px\u00bb number_font=\u00bbSora||||||||\u00bb number_text_color=\u00bb#bd9a68&#8243; number_font_size=\u00bb48px\u00bb max_width=\u00bb150px\u00bb global_colors_info=\u00bb{}\u00bb][\/et_pb_number_counter][\/et_pb_column][et_pb_column type=\u00bb1_4&#8243; _builder_version=\u00bb4.27.4&#8243; _module_preset=\u00bbdefault\u00bb global_colors_info=\u00bb{}\u00bb][et_pb_number_counter title=\u00bbA\u00f1os de experiencia\u00bb number=\u00bb21&#8243; percent_sign=\u00bboff\u00bb _builder_version=\u00bb4.27.4&#8243; _module_preset=\u00bbdefault\u00bb title_level=\u00bbh4&#8243; title_font=\u00bbSora|||on|||||\u00bb title_text_align=\u00bbcenter\u00bb title_text_color=\u00bb#000000&#8243; title_font_size=\u00bb14px\u00bb number_font=\u00bbSora||||||||\u00bb number_text_color=\u00bb#bd9a68&#8243; number_font_size=\u00bb48px\u00bb max_width=\u00bb100px\u00bb global_colors_info=\u00bb{}\u00bb][\/et_pb_number_counter][\/et_pb_column][et_pb_column type=\u00bb1_4&#8243; _builder_version=\u00bb4.27.4&#8243; _module_preset=\u00bbdefault\u00bb global_colors_info=\u00bb{}\u00bb][et_pb_number_counter title=\u00bbProfesionales cualificados\u00bb number=\u00bb35&#8243; percent_sign=\u00bboff\u00bb _builder_version=\u00bb4.27.4&#8243; _module_preset=\u00bbdefault\u00bb title_level=\u00bbh4&#8243; title_font=\u00bbSora|||on|||||\u00bb title_text_align=\u00bbcenter\u00bb title_text_color=\u00bb#000000&#8243; title_font_size=\u00bb14px\u00bb number_font=\u00bbSora||||||||\u00bb number_text_color=\u00bb#bd9a68&#8243; number_font_size=\u00bb48px\u00bb max_width=\u00bb140px\u00bb global_colors_info=\u00bb{}\u00bb][\/et_pb_number_counter][\/et_pb_column][\/et_pb_row][\/et_pb_section][et_pb_section fb_built=\u00bb1&#8243; _builder_version=\u00bb4.27.4&#8243; _module_preset=\u00bbdefault\u00bb global_colors_info=\u00bb{}\u00bb][et_pb_row column_structure=\u00bb1_2,1_2&#8243; _builder_version=\u00bb4.27.4&#8243; _module_preset=\u00bbdefault\u00bb global_colors_info=\u00bb{}\u00bb][et_pb_column type=\u00bb1_2&#8243; _builder_version=\u00bb4.27.4&#8243; _module_preset=\u00bbdefault\u00bb global_colors_info=\u00bb{}\u00bb][et_pb_image src=\u00bbhttps:\/\/younes.icu\/wp-content\/uploads\/2026\/03\/construction-19-ac-10.jpg\u00bb title_text=\u00bbconstruction-19-ac-10&#8243; _builder_version=\u00bb4.27.4&#8243; _module_preset=\u00bbdefault\u00bb box_shadow_style=\u00bbpreset1&#8243; global_colors_info=\u00bb{}\u00bb][\/et_pb_image][\/et_pb_column][et_pb_column type=\u00bb1_2&#8243; _builder_version=\u00bb4.27.4&#8243; _module_preset=\u00bbdefault\u00bb global_colors_info=\u00bb{}\u00bb][et_pb_text _builder_version=\u00bb4.27.4&#8243; _module_preset=\u00bbdefault\u00bb text_font=\u00bbLato|||on|||||\u00bb text_text_color=\u00bb#000000&#8243; header_4_font=\u00bbSora|700||on|||||\u00bb header_4_text_color=\u00bb#000000&#8243; header_4_font_size=\u00bb44px\u00bb header_4_line_height=\u00bb1.3em\u00bb custom_margin=\u00bb47px||||false|false\u00bb global_colors_info=\u00bb{}\u00bb]SOBRE NOSOTROS<\/p>\n<h4>COMPROMETIDOS CON LA CALIDAD &amp; LOS RESULTADOS SUPERIORES<\/h4>\n<p>[\/et_pb_text][et_pb_text _builder_version=\u00bb4.27.4&#8243; _module_preset=\u00bbdefault\u00bb text_font=\u00bbRoboto Flex||||||||\u00bb text_text_color=\u00bb#797978&#8243; text_font_size=\u00bb17px\u00bb text_line_height=\u00bb1.8em\u00bb global_colors_info=\u00bb{}\u00bb]<\/p>\n<p>Comprometidos con la calidad y los resultados superiores en cada proyecto. Trabajamos con dedicaci\u00f3n y atenci\u00f3n al detalle para ofrecer soluciones que superen las expectativas. Nuestro enfoque se basa en la mejora continua, la innovaci\u00f3n y la confianza, garantizando siempre un servicio profesional y eficaz adaptado a cada necesidad.<\/p>\n<p>[\/et_pb_text][et_pb_button button_text=\u00bbDescubre m\u00e1s\u00bb _builder_version=\u00bb4.27.4&#8243; _module_preset=\u00bbdefault\u00bb custom_button=\u00bbon\u00bb button_text_size=\u00bb14px\u00bb button_text_color=\u00bb#bd9a68&#8243; button_border_width=\u00bb1px\u00bb button_border_color=\u00bb#bd9a68&#8243; button_border_radius=\u00bb0px\u00bb button_font=\u00bbRoboto Flex|||on|||||\u00bb button_use_icon=\u00bboff\u00bb custom_padding=\u00bb14px|30px|14px|30px|true|true\u00bb global_colors_info=\u00bb{}\u00bb button_bg_color__hover_enabled=\u00bbon|hover\u00bb button_bg_color__hover=\u00bb#bd9a68&#8243; button_bg_enable_color__hover=\u00bbon\u00bb button_text_color__hover_enabled=\u00bbon|hover\u00bb button_text_color__hover=\u00bb#FFFFFF\u00bb][\/et_pb_button][\/et_pb_column][\/et_pb_row][\/et_pb_section][et_pb_section fb_built=\u00bb1&#8243; _builder_version=\u00bb4.27.4&#8243; _module_preset=\u00bbdefault\u00bb background_color=\u00bb#f9faf1&#8243; global_colors_info=\u00bb{}\u00bb][et_pb_row _builder_version=\u00bb4.27.4&#8243; _module_preset=\u00bbdefault\u00bb global_colors_info=\u00bb{}\u00bb][et_pb_column type=\u00bb4_4&#8243; _builder_version=\u00bb4.27.4&#8243; _module_preset=\u00bbdefault\u00bb global_colors_info=\u00bb{}\u00bb][et_pb_text _builder_version=\u00bb4.27.4&#8243; _module_preset=\u00bbdefault\u00bb text_font=\u00bbSora|||on|||||\u00bb text_text_color=\u00bb#000000&#8243; header_5_font=\u00bbSora|700|||||||\u00bb header_5_text_align=\u00bbcenter\u00bb header_5_text_color=\u00bb#202020&#8243; header_5_font_size=\u00bb44px\u00bb text_orientation=\u00bbcenter\u00bb global_colors_info=\u00bb{}\u00bb]<\/p>\n<p>Nuestros proyectos<\/p>\n<h5>Construimos todo lo que necesitas.<\/h5>\n<p>[\/et_pb_text][\/et_pb_column][\/et_pb_row][et_pb_row column_structure=\u00bb1_3,1_3,1_3&#8243; _builder_version=\u00bb4.27.4&#8243; _module_preset=\u00bbdefault\u00bb global_colors_info=\u00bb{}\u00bb][et_pb_column type=\u00bb1_3&#8243; _builder_version=\u00bb4.27.4&#8243; _module_preset=\u00bbdefault\u00bb global_colors_info=\u00bb{}\u00bb][et_pb_blurb title=\u00bbATMOSPHERE HOUSING\u00bb image=\u00bbhttps:\/\/younes.icu\/wp-content\/uploads\/2026\/03\/construction-19-ac-9-480&#215;394-1.jpg\u00bb _builder_version=\u00bb4.27.4&#8243; _module_preset=\u00bbdefault\u00bb header_font=\u00bbSora||||||||\u00bb header_text_align=\u00bbcenter\u00bb header_text_color=\u00bb#000000&#8243; header_font_size=\u00bb21px\u00bb body_font=\u00bbSora|||on|||||\u00bb body_text_align=\u00bbcenter\u00bb body_text_color=\u00bb#797978&#8243; global_colors_info=\u00bb{}\u00bb]<\/p>\n<p>Oostburg, United States<\/p>\n<p>[\/et_pb_blurb][et_pb_blurb title=\u00bbATMOSPHERE HOUSING\u00bb image=\u00bbhttps:\/\/younes.icu\/wp-content\/uploads\/2026\/03\/construction-19-ac-6-480&#215;394-1.jpg\u00bb _builder_version=\u00bb4.27.4&#8243; _module_preset=\u00bbdefault\u00bb header_font=\u00bbSora||||||||\u00bb header_text_align=\u00bbcenter\u00bb header_text_color=\u00bb#000000&#8243; header_font_size=\u00bb21px\u00bb body_font=\u00bbSora|||on|||||\u00bb body_text_align=\u00bbcenter\u00bb body_text_color=\u00bb#797978&#8243; global_colors_info=\u00bb{}\u00bb]<\/p>\n<p>Oostburg, United States<\/p>\n<p>[\/et_pb_blurb][\/et_pb_column][et_pb_column type=\u00bb1_3&#8243; _builder_version=\u00bb4.27.4&#8243; _module_preset=\u00bbdefault\u00bb global_colors_info=\u00bb{}\u00bb][et_pb_blurb title=\u00bbATMOSPHERE HOUSING\u00bb image=\u00bbhttps:\/\/younes.icu\/wp-content\/uploads\/2026\/03\/construction-19-ac-8-480&#215;394-1.jpg\u00bb _builder_version=\u00bb4.27.4&#8243; _module_preset=\u00bbdefault\u00bb header_font=\u00bbSora||||||||\u00bb header_text_align=\u00bbcenter\u00bb header_text_color=\u00bb#000000&#8243; header_font_size=\u00bb21px\u00bb body_font=\u00bbSora|||on|||||\u00bb body_text_align=\u00bbcenter\u00bb body_text_color=\u00bb#797978&#8243; global_colors_info=\u00bb{}\u00bb]<\/p>\n<p>Oostburg, United States<\/p>\n<p>[\/et_pb_blurb][et_pb_blurb title=\u00bbATMOSPHERE HOUSING\u00bb image=\u00bbhttps:\/\/younes.icu\/wp-content\/uploads\/2026\/03\/construction-19-ac-5-480&#215;394-1.jpg\u00bb admin_label=\u00bbAnuncio\u00bb _builder_version=\u00bb4.27.4&#8243; _module_preset=\u00bbdefault\u00bb header_font=\u00bbSora||||||||\u00bb header_text_align=\u00bbcenter\u00bb header_text_color=\u00bb#000000&#8243; header_font_size=\u00bb21px\u00bb body_font=\u00bbSora|||on|||||\u00bb body_text_align=\u00bbcenter\u00bb body_text_color=\u00bb#797978&#8243; global_colors_info=\u00bb{}\u00bb]<\/p>\n<p>Oostburg, United States<\/p>\n<p>[\/et_pb_blurb][\/et_pb_column][et_pb_column type=\u00bb1_3&#8243; _builder_version=\u00bb4.27.4&#8243; _module_preset=\u00bbdefault\u00bb global_colors_info=\u00bb{}\u00bb][et_pb_blurb title=\u00bbATMOSPHERE HOUSING\u00bb image=\u00bbhttps:\/\/younes.icu\/wp-content\/uploads\/2026\/03\/construction-19-ac-7-480&#215;394-1.jpg\u00bb _builder_version=\u00bb4.27.4&#8243; _module_preset=\u00bbdefault\u00bb header_font=\u00bbSora||||||||\u00bb header_text_align=\u00bbcenter\u00bb header_text_color=\u00bb#000000&#8243; header_font_size=\u00bb21px\u00bb body_font=\u00bbSora|||on|||||\u00bb body_text_align=\u00bbcenter\u00bb body_text_color=\u00bb#797978&#8243; global_colors_info=\u00bb{}\u00bb]<\/p>\n<p>Oostburg, United States<\/p>\n<p>[\/et_pb_blurb][et_pb_blurb title=\u00bbATMOSPHERE HOUSING\u00bb image=\u00bbhttps:\/\/younes.icu\/wp-content\/uploads\/2026\/03\/construction-19-ac-4-480&#215;394-1.jpg\u00bb _builder_version=\u00bb4.27.4&#8243; _module_preset=\u00bbdefault\u00bb header_font=\u00bbSora||||||||\u00bb header_text_align=\u00bbcenter\u00bb header_text_color=\u00bb#000000&#8243; header_font_size=\u00bb21px\u00bb body_font=\u00bbSora|||on|||||\u00bb body_text_align=\u00bbcenter\u00bb body_text_color=\u00bb#797978&#8243; global_colors_info=\u00bb{}\u00bb]<\/p>\n<p>Oostburg, United States<\/p>\n<p>[\/et_pb_blurb][\/et_pb_column][\/et_pb_row][\/et_pb_section][et_pb_section fb_built=\u00bb1&#8243; theme_builder_area=\u00bbpost_content\u00bb _builder_version=\u00bb4.27.4&#8243; _module_preset=\u00bbdefault\u00bb][et_pb_row _builder_version=\u00bb4.27.4&#8243; _module_preset=\u00bbdefault\u00bb theme_builder_area=\u00bbpost_content\u00bb column_structure=\u00bb1_2,1_2&#8243; hover_enabled=\u00bb0&#8243; sticky_enabled=\u00bb0&#8243;][et_pb_column _builder_version=\u00bb4.27.4&#8243; _module_preset=\u00bbdefault\u00bb type=\u00bb1_2&#8243; theme_builder_area=\u00bbpost_content\u00bb][et_pb_text _builder_version=\u00bb4.27.4&#8243; _module_preset=\u00bbdefault\u00bb theme_builder_area=\u00bbpost_content\u00bb hover_enabled=\u00bb0&#8243; sticky_enabled=\u00bb0&#8243; header_6_font=\u00bbSora|700||on|||||\u00bb header_6_font_size=\u00bb44px\u00bb text_font=\u00bbSora||||||||\u00bb text_text_color=\u00bb#000000&#8243; max_width=\u00bb570px\u00bb header_font=\u00bb|||on|||||\u00bb header_6_line_height=\u00bb1.2em\u00bb]<\/p>\n<p>OUR VISION<\/p>\n<h6>Soluciones de construcci\u00f3n preparadas para el futuro.<\/h6>\n<p>[\/et_pb_text][et_pb_text _builder_version=\u00bb4.27.4&#8243; _module_preset=\u00bbdefault\u00bb theme_builder_area=\u00bbpost_content\u00bb hover_enabled=\u00bb0&#8243; sticky_enabled=\u00bb0&#8243; text_font=\u00bbRoboto Flex||||||||\u00bb text_text_color=\u00bb#797978&#8243; text_font_size=\u00bb17px\u00bb text_line_height=\u00bb1.8em\u00bb]<\/p>\n<p>Desarrollamos proyectos de construcci\u00f3n combinando dise\u00f1o, calidad y atenci\u00f3n al detalle. Nos enfocamos en ofrecer soluciones eficientes y adaptadas a cada cliente, cuidando cada fase del proceso para garantizar resultados duraderos y funcionales.<\/p>\n<p>[\/et_pb_text][et_pb_image src=\u00bbhttps:\/\/younes.icu\/wp-content\/uploads\/2026\/03\/construction-19-ac-3.png\u00bb _builder_version=\u00bb4.27.4&#8243; _module_preset=\u00bbdefault\u00bb theme_builder_area=\u00bbpost_content\u00bb hover_enabled=\u00bb0&#8243; sticky_enabled=\u00bb0&#8243; title_text=\u00bbconstruction-19-ac-3&#8243;][\/et_pb_image][\/et_pb_column][et_pb_column _builder_version=\u00bb4.27.4&#8243; _module_preset=\u00bbdefault\u00bb type=\u00bb1_2&#8243; theme_builder_area=\u00bbpost_content\u00bb][et_pb_image src=\u00bbhttps:\/\/younes.icu\/wp-content\/uploads\/2026\/03\/construction-19-ac-3.jpg\u00bb _builder_version=\u00bb4.27.4&#8243; _module_preset=\u00bbdefault\u00bb theme_builder_area=\u00bbpost_content\u00bb title_text=\u00bbconstruction-19-ac-3&#8243; hover_enabled=\u00bb0&#8243; sticky_enabled=\u00bb0&#8243;][\/et_pb_image][\/et_pb_column][\/et_pb_row][\/et_pb_section][et_pb_section fb_built=\u00bb1&#8243; theme_builder_area=\u00bbpost_content\u00bb _builder_version=\u00bb4.27.4&#8243; _module_preset=\u00bbdefault\u00bb title_text=\u00bbconstruction-19-ac-1&#8243; background_image=\u00bbhttps:\/\/younes.icu\/wp-content\/uploads\/2026\/03\/construction-19-ac-1.jpg\u00bb custom_padding=\u00bb300px||300px||true|false\u00bb hover_enabled=\u00bb0&#8243; sticky_enabled=\u00bb0&#8243;][\/et_pb_section]<\/p>\n","protected":false},"excerpt":{"rendered":"<p>Servicios de construcci\u00f3n con especializaci\u00f3n en arquitectura Unimos dise\u00f1o y construcci\u00f3n para crear espacios bien pensados y de calidad.SOBRE NOSOTROSCOMPROMETIDOS CON LA CALIDAD &amp; LOS RESULTADOS SUPERIORESComprometidos con la calidad y los resultados superiores en cada proyecto. Trabajamos con dedicaci\u00f3n y atenci\u00f3n al detalle para ofrecer soluciones que superen las expectativas. Nuestro enfoque se basa [&hellip;]<\/p>\n","protected":false},"author":1,"featured_media":0,"parent":0,"menu_order":0,"comment_status":"closed","ping_status":"closed","template":"","meta":{"_et_pb_use_builder":"on","_et_pb_old_content":"","_et_gb_content_width":"","footnotes":""},"class_list":["post-114","page","type-page","status-publish","hentry"],"_links":{"self":[{"href":"https:\/\/younes.icu\/index.php?rest_route=\/wp\/v2\/pages\/114","targetHints":{"allow":["GET"]}}],"collection":[{"href":"https:\/\/younes.icu\/index.php?rest_route=\/wp\/v2\/pages"}],"about":[{"href":"https:\/\/younes.icu\/index.php?rest_route=\/wp\/v2\/types\/page"}],"author":[{"embeddable":true,"href":"https:\/\/younes.icu\/index.php?rest_route=\/wp\/v2\/users\/1"}],"replies":[{"embeddable":true,"href":"https:\/\/younes.icu\/index.php?rest_route=%2Fwp%2Fv2%2Fcomments&post=114"}],"version-history":[{"count":20,"href":"https:\/\/younes.icu\/index.php?rest_route=\/wp\/v2\/pages\/114\/revisions"}],"predecessor-version":[{"id":160,"href":"https:\/\/younes.icu\/index.php?rest_route=\/wp\/v2\/pages\/114\/revisions\/160"}],"wp:attachment":[{"href":"https:\/\/younes.icu\/index.php?rest_route=%2Fwp%2Fv2%2Fmedia&parent=114"}],"curies":[{"name":"wp","href":"https:\/\/api.w.org\/{rel}","templated":true}]}}